1 is divided by 26.
3
What is the remainder when 280625995 is divided by 750?
745
What is the remainder when 2162579 is divided by 28?
27
Calculate the remainder when 6622399 is divided by 741.
82
What is the remainder when 1403168 is divided by 350224?
2272
Calculate the remainder when 770586 is divided by 385246.
94
What is the remainder when 71744 is divided by 1877?
418
Calculate the remainder when 14979807 is divided by 32.
31
What is the remainder when 4088249 is divided by 79?
78
Calculate the remainder when 4790585 is divided by 1436.
89
What is the remainder when 8559486 is divided by 287?
285
Calculate the remainder when 118596 is divided by 23501.
1091
Calculate the remainder when 23080263 is divided by 99.
96
What is the remainder when 216955 is divided by 71622?
2089
Calculate the remainder when 41606197 is divided by 4497.
4450
What is the remainder when 621004 is divided by 1656?
4
Calculate the remainder when 426645 is divided by 1389.
222
Calculate the remainder when 559449 is divided by 26640.
9
Calculate the remainder when 1251341 is divided by 124.
57
Calculate the remainder when 60544 is divided by 3784.
0
What is the remainder when 1330358 is divided by 1330357?
1
What is the remainder when 401146 is divided by 66?
64
Calculate the remainder when 5350293 is divided by 7903.
7865
What is the remainder when 31993 is divided by 2230?
773
Calculate the remainder when 2818802 is divided by 1620.
2
What is the remainder when 764636 is divided by 33?
26
Calculate the remainder when 15620550 is divided by 2231507.
1
What is the remainder when 4936411 is divided by 3191?
3125
What is the remainder when 27362 is divided by 2375?
1237
What is the remainder when 4402791 is divided by 30156?
15
What is the remainder when 262043 is divided by 143?
67
What is the remainder when 254921 is divided by 516?
17
What is the remainder when 8466072 is divided by 157?
4
Calculate the remainder when 151491 is divided by 50460.
111
Calculate the remainder when 12552033 is divided by 563.
511
Calculate the remainder when 5447238 is divided by 40.
38
Calculate the remainder when 257108 is divided by 63039.
4952
Calculate the remainder when 26087 is divided by 4.
3
What is the remainder when 71278153 is divided by 295?
253
What is the remainder when 174138425 is divided by 1702?
1699
Calculate the remainder when 9139139 is divided by 112823.
476
Calculate the remainder when 59129027 is divided by 2189963.
26
What is the remainder when 10845715 is divided by 470?
465
Calculate the remainder when 95903 is divided by 16.
15
Calculate the remainder when 758039 is divided by 653.
559
Calculate the remainder when 55678 is divided by 27633.
412
Calculate the remainder when 42741417 is divided by 201.
174
What is the remainder when 175138 is divided by 2902?
1018
What is the remainder when 43586 is divided by 13063?
4397
Calculate the remainder when 7410831 is divided by 1852705.
11
What is the remainder when 7740483 is divided by 18?
15
Calculate the remainder when 348063 is divided by 2218.
2055
Calculate the remainder when 52813066 is divided by 632.
618
What is the remainder when 453567 is divided by 23?
7
Calculate the remainder when 278329 is divided by 2169.
697
Calculate the remainder when 1878185 is divided by 522.
29
Calculate the remainder when 1368595 is divided by 19550.
95
Calculate the remainder when 11402824 is divided by 7974.
4
Calculate the remainder when 122459554 is divided by 538.
532
Calculate the remainder when 270387 is divided by 645.
132
What is the remainder when 11726777 is divided by 33?
29
Calculate the remainder when 676100 is divided by 5194.
880
What is the remainder when 868459 is divided by 868367?
92
What is the remainder when 42233889 is divided by 3018?
3015
Calculate the remainder when 19263503 is divided by 263.
68
Calculate the remainder when 259256554 is divided by 60.
34
Calculate the remainder when 8994 is divided by 6462.
2532
What is the remainder when 19857222 is divided by 9928545?
132
Calculate the remainder when 31404626 is divided by 2979.
8
What is the remainder when 5057249 is divided by 711?
617
What is the remainder when 295117587 is divided by 98372526?
9
Calculate the remainder when 27702137 is divided by 36789.
20
What is the remainder when 61958096 is divided by 104?
96
Calculate the remainder when 138889605 is divided by 33.
30
What is the remainder when 3871560 is divided by 47797?
3
What is the remainder when 260342 is divided by 3099?
26
Calculate the remainder when 2025389 is divided by 31.
4
What is the remainder when 52047 is divided by 50952?
1095
Calculate the remainder when 166270 is divided by 83048.
174
Calculate the remainder when 199041 is divided by 517.
513
Calculate the remainder when 1260930 is divided by 1098.
426
Calculate the remainder when 439422548 is divided by 376.
372
What is the remainder when 19558798 is divided by 675?
673
Calculate the remainder when 60687 is divided by 3663.
2079
Calculate the remainder when 594902604 is divided by 3527.
3514
What is the remainder when 21883111 is divided by 2607?
2560
Calculate the remainder when 55641 is divided by 27.
21
What is the remainder when 5135103 is divided by 64?
63
What is the remainder when 6454970 is divided by 1974?
1964
Calculate the remainder when 127203 is divided by 18068.
727
Calculate the remainder when 138099924 is divided by 2931.
2928
What is the remainder when 63335 is divided by 94?
73
What is the remainder when 268408 is divided by 10322?
36
Calculate the remainder when 559878 is divided by 254.
62
What is the remainder when 7151048 is divided by 231?
212
What is the remainder when 204756 is divided by 22670?
726
Calculate the remainder when 149534795 is divided by 4.
3
What is the remainder when 5782073 is divided by 152?
145
Calculate the remainder when 1792618 is divided by 635.
13
Calculate the remainder when 1516545 is divided by 132.
129
Calculate the remainder when 3339725 is divided by 2513.
2461
Calculate the remainder when 38631190 is divided by 82.
6
What is the remainder when 1030953 is divided by 68729?
18
Calculate the remainder when 363442 is divided by 119857.
3871
What is the remainder when 307458 is divided by 838?
750
Calculate the remainder when 1470222 is divided by 86475.
147
Calculate the remainder when 6216911 is divided by 209.
206
Calculate the remainder when 176645 is divided by 128.
5
Calculate the remainder when 681749 is divided by 9339.
2
Calculate the remainder when 195751 is divided by 412.
51
What is the remainder when 71646192 is divided by 263?
258
Calculate the remainder when 56897237 is divided by 155.
147
What is the remainder when 636332880 is divided by 37?
35
Calculate the remainder when 589654 is divided by 117907.
119
What is the remainder when 683024 is divided by 256?
16
Calculate the remainder when 336980908 is divided by 339.
331
Calculate the remainder when 1613988 is divided by 2.
0
Calculate the remainder when 151921 is divided by 139.
133
What is the remainder when 142412 is divided by 7120?
12
What is the remainder when 236769472 is divided by 115?
112
What is the remainder when 115409949 is divided by 5796?
5793
Calculate the remainder when 1931854 is divided by 42924.
274
Calculate the remainder when 19539608 is divided by 39.
23
Calculate the remainder when 257407242 is divided by 16.
10
Calculate the remainder when 24607864 is divided by 306.
262
What is the remainder when 4137277 is divided by 280?
277
What is the remainder when 1058214 is divided by 16280?
14
What is the remainder when 6701676 is divided by 3765?
3741
What is the remainder when 475933 is divided by 59486?
45
What is the remainder when 17379650 is divided by 1941?
1877
Calculate the remainder when 213390 is divided by 10989.
4599
What is the remainder when 228867 is divided by 2356?
335
Calculate the remainder when 3735146 is divided by 976.
970
Calculate the remainder when 262233924 is divided by 2363.
2362
What is the remainder when 11855103 is divided by 17908?
7
Calculate the remainder when 13365509 is divided by 555.
554
Calculate the remainder when 269305212 is divided by 41.
33
Calculate the remainder when 156733 is divided by 11191.
59
What is the remainder when 102161 i